s 15141242 a multiple of 135?
False
Is 30 a factor of 80550?
True
Is 176 a factor of 458656?
True
Is 29 a factor of 347829?
False
Is 498 a factor of 2849556?
True
Is 11 a factor of 378521?
True
Does 29 divide 10182939?
False
Does 34 divide 4761428?
True
Does 97 divide 19887716?
True
Is 269 a factor of 4278983?
True
Does 71 divide 134048?
True
Is 215032 a multiple of 8?
True
Is 1414 a factor of 19905400?
False
Is 214464 a multiple of 96?
True
Is 1479808 a multiple of 128?
True
Is 9791 a multiple of 43?
False
Is 691371 a multiple of 27?
False
Is 206793 a multiple of 207?
True
Does 204 divide 589560?
True
Is 658044 a multiple of 81?
True
Is 25 a factor of 672650?
True
Is 385924 a multiple of 539?
True
Is 11072558 a multiple of 1512?
False
Is 67 a factor of 2453609?
False
Is 24 a factor of 178296?
True
Does 25 divide 115375?
True
Does 331 divide 125912?
False
Is 564272 a multiple of 5?
False
Is 13 a factor of 15600?
True
Does 26 divide 8269066?
True
Is 9 a factor of 69863?
False
Is 260 a factor of 1253980?
True
Does 551 divide 528399?
False
Does 127 divide 170218?
False
Is 1168190 a multiple of 14?
False
Is 4602450 a multiple of 25?
True
Is 27 a factor of 20257965?
True
Is 436800 a multiple of 728?
True
Is 466973 a multiple of 13?
True
Does 7 divide 7059073?
True
Does 344 divide 974596?
False
Does 508 divide 252984?
True
Is 46 a factor of 84829?
False
Is 754888 a multiple of 743?
True
Is 359 a factor of 1910756?
False
Is 128982 a multiple of 21?
True
Does 330 divide 18209074?
False
Is 241 a factor of 549518?
False
Is 22060 a multiple of 9?
False
Does 11 divide 987811?
True
Does 183 divide 979416?
True
Is 19 a factor of 1180121?
False
Is 216 a factor of 214920?
True
Is 1370028 a multiple of 582?
True
Is 64 a factor of 559808?
True
Is 137 a factor of 93571?
True
Does 283 divide 1041812?
False
Is 245 a factor of 579425?
True
Is 515546 a multiple of 25?
False
Does 220 divide 5319600?
True
Is 94627 a multiple of 42?
False
Is 21 a factor of 940339?
False
Does 91 divide 2056751?
False
Does 4 divide 52836?
True
Is 837 a factor of 15211242?
False
Is 114 a factor of 277362?
True
Is 42 a factor of 145362?
True
Is 653306 a multiple of 45?
False
Is 20 a factor of 69607?
False
Is 80 a factor of 22672?
False
Does 40 divide 371285?
False
Is 389760 a multiple of 160?
True
Does 1639 divide 22234088?
False
Is 21 a factor of 362628?
True
Is 5492363 a multiple of 461?
False
Does 31 divide 422963?
False
Is 155 a factor of 342915?
False
Does 602 divide 3596732?
False
Is 1147 a factor of 1129795?
True
Does 7 divide 51800?
True
Does 107 divide 493235?
False
Does 2 divide 22284?
True
Is 371 a factor of 3309511?
False
Is 15 a factor of 6593460?
True
Is 24 a factor of 23138?
False
Is 5 a factor of 592025?
True
Is 74 a factor of 121508?
True
Does 1239 divide 810500?
False
Is 9390312 a multiple of 20?
False
Does 45 divide 226305?
True
Is 18 a factor of 152402?
False
Is 111357 a multiple of 40?
False
Does 9 divide 132435?
True
Is 192 a factor of 48444?
False
Is 1428 a factor of 3587655?
False
Does 226 divide 118876?
True
Is 9372 a multiple of 66?
True
Is 262 a factor of 3473799?
False
Is 24088 a multiple of 102?
False
Is 68 a factor of 331636?
True
Does 12 divide 90660?
True
Does 4 divide 106680?
True
Is 720195 a multiple of 19?
True
Is 1864128 a multiple of 73?
True
Is 6 a factor of 3843312?
True
Is 71114 a multiple of 37?
True
Is 49 a factor of 112994?
True
Is 709380 a multiple of 12?
True
Does 476 divide 980084?
True
Is 102 a factor of 406062?
True
Is 165678 a multiple of 318?
True
Is 21 a factor of 979881?
True
Is 475167 a multiple of 21?
True
Is 140 a factor of 8955800?
True
Is 344564 a multiple of 15?
False
Is 3 a factor of 9704?
False
Is 4376677 a multiple of 1825?
False
Does 5 divide 3852595?
True
Is 289692 a multiple of 26?
True
Is 22 a factor of 1671195?
False
Is 8 a factor of 1876729?
False
Does 35 divide 596925?
True
Does 194 divide 3104388?
True
Is 1557363 a multiple of 201?
False
Is 77 a factor of 1629243?
True
Is 387270 a multiple of 993?
True
Is 72930 a multiple of 110?
True
Is 85376 a multiple of 4?
True
Is 416080 a multiple of 28?
True
Is 283711 a multiple of 19?
False
Is 212160 a multiple of 16?
True
Is 71140 a multiple of 130?
False
Is 147 a factor of 67032?
True
Is 373 a factor of 111968?
False
Does 32 divide 33963?
False
Is 37 a factor of 244644?
True
Is 307 a factor of 81662?
True
Is 95 a factor of 252872?
False
Is 8 a factor of 250584?
True
Is 6754105 a multiple of 4?
False
Is 4 a factor of 10984?
True
Is 452709 a multiple of 393?
False
Is 4 a factor of 637556?
True
Is 199 a factor of 187458?
True
Does 53 divide 621425?
True
Does 26 divide 2209343?
False
Is 115 a factor of 276000?
True
Is 135 a factor of 195830?
False
Is 163 a factor of 283599?
False
Is 55502 even?
True
Is 273 a factor of 1150149?
True
Does 85 divide 357595?
True
Is 27 a factor of 7064145?
True
Is 52 a factor of 2798587?
False
Is 161 a factor of 262851?
False
Is 29 a factor of 298265?
True
Does 41 divide 74970?
False
Is 13081225 a multiple of 763?
False
Does 2 divide 293097?
False
Does 39 divide 38298?
True
Does 27 divide 556389?
True
Does 14 divide 2298240?
True
Is 738235 a multiple of 29?
False
Is 521156 a multiple of 452?
True
Is 565709 a multiple of 107?
True
Is 15 a factor of 1883973?
False
Does 4 divide 18069?
False
Does 44 divide 22088?
True
Is 17221 a multiple of 17?
True
Does 24 divide 767058?
False
Is 605490 a multiple of 276?
False
Is 1253448 a multiple of 252?
True
Is 597012 a multiple of 13?
True
Is 786282 a multiple of 42?
True
Is 107 a factor of 8222308?
True
Is 29 a factor of 641693?
False
Is 48 a factor of 5700607?
False
Does 91 divide 205472?
False
Does 71 divide 12257369?
True
Is 8295231 a multiple of 16?
False
Is 147 a factor of 1109997?
True
Is 6 a factor of 115914?
True
Is 911376 a multiple of 6?
True
Does 16 divide 1176752?
True
Does 28 divide 240436?
True
Is 8602303 a multiple of 2033?
False
Does 14 divide 162796?
False
Is 44 a factor of 45540?
True
Is 789716 a multiple of 406?
False
Is 181727 a multiple of 175?
False
Is 479048 a multiple of 113?
False
Does 104 divide 107536?
True
Is 164 a factor of 2269262?
False
Is 1339884 a multiple of 14?
True
Is 72767 a multiple of 2?
False
Is 172 a factor of 2680358?
False
Does 18 divide 10649538?
True
Is 133 a factor of 723818?
False
Is 28 a factor of 11576264?
True
Is 21 a factor of 56343?
True
Is 254 a factor of 442976?
True
Is 116 a factor of 2446672?
True
Is 439 a factor of 6878021?
False
Does 22 divide 432634?
False
Is 1018 a factor of 8461647?
False
Is 104746 a multiple of 166?
True
Does 9 divide 497658?
False
Is 44 a factor of 60588?
True
Is 7 a factor of 2277994?
False
Is 4 a factor of 30661?
False
Does 441 divide 400442?
False
Does 688 divide 70176?
True
Is 104690 a multiple of 38?
True
Is 181184 a multiple of 149?
True
Is 17 a factor of 221220?
False
Is 44 a factor of 364100?
True
Does 16 divide 6630237?
False
Does 59 divide 471678?
False
Is 48 a factor of 780503?
False
Is 3399604 a multiple of 676?
True
Is 163764 a multiple of 5?
False
Is 8385 a multiple of 39?
True
Is 792032 a multiple of 2?
True
Is 3879 a multiple of 5?
False
Is 20 a factor of 6549140?
True
Is 3336371 a multiple of 3?
False
Is 164720 a multiple of 5?
True
Is 1588701 a multiple of 122?
False
Is 34 a factor of 13731926?
False
Is 235048 a multiple of 81?
False
Does 190 divide 11684350?
False
Does 36 divide 81972?
True
Is 349521 a multiple of 15?
False
Does 127 divide 263012?
False
Is 164 a factor of 93360?
False
Does 144 divide 12812256?
True
Is 15 a factor of 18445?
False
Is 12328 a multiple of 28?
False
Does 504 divide 1121901?
False
Is 172410 a multiple of 30?
True
Does 193 divide 3424592?
True
Is 172896 a multiple of 48?
True
Does 19 divide 75658?
True
Is 695 a factor of 877090?
True
Does 93 divide 184412?
False
Does 6 divide 164409?
False
Is 105820 a multiple of 70?
False
Does 557 divide 921278?
True
Does 12 divide 4060380?
True
Does 4 divide 456851?
False
Is 11 a factor of 10084393?
True
Is 154 a factor of 89696?
False
Is 1241 a factor of 2814588?
True
Is 15 a factor of 47078?
False
Is 75 a factor of 1365867?
False
Is 2115106 a multiple of 438?
False
Does 571 divide 292923?
True
Is 82173 a multiple of 39?
True
Is 559084 a multiple of 4?